{"id":2,"date":"2010-07-06T10:23:24","date_gmt":"2010-07-06T09:23:24","guid":{"rendered":"http:\/\/30gon.pl\/?page_id=2"},"modified":"2011-11-07T21:35:52","modified_gmt":"2011-11-07T20:35:52","slug":"about","status":"publish","type":"page","link":"http:\/\/30gon.pl\/index.php\/about\/","title":{"rendered":"O nas"},"content":{"rendered":"<p><em>Ko\u0142o \u0141owieckie nr 201 (obecnie 30) przy Politechnice Pozna\u0144skiej w Poznaniu zawi\u0105za\u0142o si\u0119 z inicjatywy pracownik\u00f3w Politechniki Pozna\u0144skiej 8 maja 1964 roku. Za\u0142o\u017cycielami Ko\u0142a by\u0142o dziesi\u0119ciu pracownik\u00f3w Politechniki Pozna\u0144skiej:Edward Bobi\u0144ski,\u00a0 Juliusz Bratborski,\u00a0 Andrzej Dobrowolski, Zbigniew Jasicki, Kazimierz Mielec, Leon Raczkowski, J\u00f3zef Radzicki, Kazimierz Sidorowicz, Kazimierz Ludwik Szyma\u0144ski, Maksymilian W\u0142osowicz.\u00a0\u00a0\u00a0\u00a0\u00a0\u00a0\u00a0\u00a0\u00a0\u00a0\u00a0\u00a0\u00a0\u00a0\u00a0\u00a0\u00a0\u00a0\u00a0\u00a0\u00a0\u00a0\u00a0\u00a0\u00a0\u00a0\u00a0\u00a0\u00a0\u00a0\u00a0\u00a0\u00a0\u00a0\u00a0\u00a0\u00a0\u00a0\u00a0\u00a0\u00a0\u00a0\u00a0\u00a0\u00a0\u00a0\u00a0\u00a0\u00a0\u00a0\u00a0\u00a0\u00a0\u00a0\u00a0\u00a0\u00a0\u00a0\u00a0\u00a0\u00a0\u00a0\u00a0\u00a0\u00a0\u00a0\u00a0\u00a0\u00a0\u00a0\u00a0\u00a0\u00a0\u00a0\u00a0\u00a0\u00a0\u00a0\u00a0\u00a0\u00a0\u00a0\u00a0\u00a0\u00a0\u00a0\u00a0\u00a0\u00a0\u00a0\u00a0\u00a0\u00a0\u00a0\u00a0\u00a0\u00a0\u00a0\u00a0\u00a0\u00a0\u00a0\u00a0\u00a0\u00a0\u00a0\u00a0\u00a0\u00a0\u00a0\u00a0\u00a0\u00a0\u00a0\u00a0\u00a0\u00a0\u00a0\u00a0\u00a0\u00a0\u00a0\u00a0\u00a0\u00a0\u00a0\u00a0\u00a0\u00a0\u00a0\u00a0\u00a0\u00a0\u00a0\u00a0\u00a0 Ko\u0142o dzier\u017cawi obw\u00f3d \u0142owiecki nr 109 w Nadle\u015bnictwie Trzciel. Podzielony jest on na 25 rejon\u00f3w, co umo\u017cliwia spokojne oraz bezpieczne, a przede wszystkim zgodne z regulaminem wykonywanie polowania indywidualnego.\u00a0\u00a0\u00a0\u00a0\u00a0\u00a0\u00a0\u00a0\u00a0\u00a0\u00a0\u00a0\u00a0\u00a0\u00a0\u00a0\u00a0\u00a0\u00a0\u00a0\u00a0\u00a0\u00a0\u00a0\u00a0\u00a0\u00a0\u00a0\u00a0\u00a0\u00a0\u00a0\u00a0\u00a0\u00a0\u00a0\u00a0\u00a0\u00a0\u00a0\u00a0\u00a0\u00a0\u00a0 Dzier\u017cawiony le\u015bno-polny obw\u00f3d \u0142owiecki nr 109 znajduje si\u0119 w wojew\u00f3dztwie lubuskim, w powiecie Mi\u0119dzyrzecz, gmina Pszczew i jest po\u0142o\u017cony wok\u00f3\u0142 miejscowo\u015bci Pszczew i Borowy M\u0142yn. Ma 4656 ha powierzchni, bardzo urozmaicony krajobraz, liczne jeziora i naturaln\u0105 granic\u0119 na rzece Obrze.\u00a0<\/em><\/p>\n<p><em>\u00a0<\/em><\/p>\n","protected":false},"excerpt":{"rendered":"<p>Ko\u0142o \u0141owieckie nr 201 (obecnie 30) przy Politechnice Pozna\u0144skiej w Poznaniu zawi\u0105za\u0142o si\u0119 z inicjatywy pracownik\u00f3w Politechniki Pozna\u0144skiej 8 maja 1964 roku. Za\u0142o\u017cycielami Ko\u0142a by\u0142o dziesi\u0119ciu pracownik\u00f3w Politechniki Pozna\u0144skiej:Edward Bobi\u0144ski,\u00a0 Juliusz Bratborski,\u00a0 Andrzej Dobrowolski, Zbigniew Jasicki, Kazimierz Mielec, Leon Raczkowski, &hellip; <a href=\"http:\/\/30gon.pl\/index.php\/about\/\">Czytaj dalej <span class=\"meta-nav\">&rarr;<\/span><\/a><\/p>\n","protected":false},"author":1,"featured_media":0,"parent":0,"menu_order":1,"comment_status":"closed","ping_status":"closed","template":"","meta":[],"_links":{"self":[{"href":"http:\/\/30gon.pl\/index.php\/wp-json\/wp\/v2\/pages\/2"}],"collection":[{"href":"http:\/\/30gon.pl\/index.php\/wp-json\/wp\/v2\/pages"}],"about":[{"href":"http:\/\/30gon.pl\/index.php\/wp-json\/wp\/v2\/types\/page"}],"author":[{"embeddable":true,"href":"http:\/\/30gon.pl\/index.php\/wp-json\/wp\/v2\/users\/1"}],"replies":[{"embeddable":true,"href":"http:\/\/30gon.pl\/index.php\/wp-json\/wp\/v2\/comments?post=2"}],"version-history":[{"count":7,"href":"http:\/\/30gon.pl\/index.php\/wp-json\/wp\/v2\/pages\/2\/revisions"}],"predecessor-version":[{"id":328,"href":"http:\/\/30gon.pl\/index.php\/wp-json\/wp\/v2\/pages\/2\/revisions\/328"}],"wp:attachment":[{"href":"http:\/\/30gon.pl\/index.php\/wp-json\/wp\/v2\/media?parent=2"}],"curies":[{"name":"wp","href":"https:\/\/api.w.org\/{rel}","templated":true}]}}

<p><em>Koło Łowieckie nr 201 (obecnie 30) przy Politechnice Poznańskiej w Poznaniu zawiązało się z inicjatywy pracowników Politechniki Poznańskiej 8 maja 1964 roku. Założycielami Koła było dziesięciu pracowników Politechniki Poznańskiej:Edward Bobiński,  Juliusz Bratborski,  Andrzej Dobrowolski, Zbigniew Jasicki, Kazimierz Mielec, Leon Raczkowski, Józef Radzicki, Kazimierz Sidorowicz, Kazimierz Ludwik Szymański, Maksymilian Włosowicz.                                                                                                                                         Koło dzierżawi obwód łowiecki nr 109 w Nadleśnictwie Trzciel. Podzielony jest on na 25 rejonów, co umożliwia spokojne oraz bezpieczne, a przede wszystkim zgodne z regulaminem wykonywanie polowania indywidualnego.                                             Dzierżawiony leśno-polny obwód łowiecki nr 109 znajduje się w województwie lubuskim, w powiecie Międzyrzecz, gmina Pszczew i jest położony wokół miejscowości Pszczew i Borowy Młyn. Ma 4656 ha powierzchni, bardzo urozmaicony krajobraz, liczne jeziora i naturalną granicę na rzece Obrze. </em></p>
<p><em> </em></p>

<p>Koło Łowieckie nr 201 (obecnie 30) przy Politechnice Poznańskiej w Poznaniu zawiązało się z inicjatywy pracowników Politechniki Poznańskiej 8 maja 1964 roku. Założycielami Koła było dziesięciu pracowników Politechniki Poznańskiej:Edward Bobiński,  Juliusz Bratborski,  Andrzej Dobrowolski, Zbigniew Jasicki, Kazimierz Mielec, Leon Raczkowski, &hellip; <a href="http://30gon.pl/index.php/about/">Czytaj dalej <span class="meta-nav">&rarr;</span></a></p>
